542270093.
13411, 413263
What are the prime factors of 143318873?
11789, 12157
List the prime factors of 43741910.
2, 5, 139, 31469
What are the prime factors of 33316291?
19, 127, 13807
What are the prime factors of 132676036?
2, 33169009
List the prime factors of 2067991800.
2, 3, 5, 7, 127, 3877
What are the prime factors of 411491058?
2, 3, 11, 6234713
List the prime factors of 106781695.
5, 21356339
What are the prime factors of 1433116703?
97, 14774399
List the prime factors of 2579353473.
3, 911, 943781
What are the prime factors of 273334771?
273334771
What are the prime factors of 652174940?
2, 5, 32608747
What are the prime factors of 16833207?
3, 5611069
What are the prime factors of 2997746031?
3, 7, 37, 3858103
What are the prime factors of 400629929?
7, 8176121
List the prime factors of 31665039.
3, 7, 19, 61, 1301
What are the prime factors of 51180330?
2, 3, 5, 773, 2207
List the prime factors of 113071217.
7, 101, 159931
List the prime factors of 901510682.
2, 181, 659, 3779
List the prime factors of 240843777.
3, 17, 1949, 2423
List the prime factors of 1297006127.
193, 6720239
List the prime factors of 517780394.
2, 83, 1019, 3061
List the prime factors of 1032526902.
2, 3, 11, 23, 680189
What are the prime factors of 785521327?
3407, 230561
What are the prime factors of 112446634?
2, 43, 1307519
What are the prime factors of 129997419?
3, 17, 2548969
List the prime factors of 18385858.
2, 9192929
List the prime factors of 24586205.
5, 7, 719, 977
What are the prime factors of 162214507?
7, 13, 1782577
What are the prime factors of 635797380?
2, 3, 5, 19, 557717
What are the prime factors of 26767437?
3, 8922479
What are the prime factors of 3695657004?
2, 3, 13, 83, 89, 1069
List the prime factors of 58019990.
2, 5, 7, 67, 89, 139
List the prime factors of 43984232.
2, 1987, 2767
What are the prime factors of 1861164372?
2, 3, 155097031
What are the prime factors of 2404438770?
2, 3, 5, 173, 463283
What are the prime factors of 1363866814?
2, 681933407
What are the prime factors of 439393810?
2, 5, 19, 701, 3299
What are the prime factors of 305616936?
2, 3, 47, 270937
What are the prime factors of 32481398?
2, 101, 113, 1423
What are the prime factors of 1598870544?
2, 3, 33309803
List the prime factors of 48923087.
29, 101, 16703
List the prime factors of 181958446.
2, 17, 314807
List the prime factors of 623600333.
623600333
List the prime factors of 345006611.
37, 9324503
What are the prime factors of 549663056?
2, 41, 313, 2677
List the prime factors of 93097119.
3, 73, 425101
List the prime factors of 1646721773.
19, 86669567
List the prime factors of 1600169812.
2, 17, 41, 61, 97
What are the prime factors of 5346016826?
2, 17, 53, 2966713
List the prime factors of 77562657.
3, 2872691
List the prime factors of 4036564.
2, 7, 144163
What are the prime factors of 5588318919?
3, 2531, 735983
List the prime factors of 24034435.
5, 4806887
What are the prime factors of 9093092?
2, 2273273
List the prime factors of 419490774.
2, 3, 101, 230743
List the prime factors of 411232780.
2, 5, 7, 2937377
What are the prime factors of 578373130?
2, 5, 1433, 40361
What are the prime factors of 787163300?
2, 5, 7, 11, 102229
List the prime factors of 5689805855.
5, 1137961171
What are the prime factors of 2559367675?
5, 102374707
List the prime factors of 1901852571.
3, 61, 457, 22741
List the prime factors of 34508668.
2, 8627167
What are the prime factors of 399710892?
2, 3, 7, 151, 31513
What are the prime factors of 112494869?
112494869
What are the prime factors of 5343091541?
1213, 4404857
What are the prime factors of 281695614?
2, 3, 46949269
List the prime factors of 193714283.
7, 27673469
What are the prime factors of 223622976?
2, 3, 383, 3041
List the prime factors of 3651163098.
2, 3, 11, 55320653
List the prime factors of 64964400.
2, 3, 5, 43, 1259
What are the prime factors of 36575678?
2, 18287839
What are the prime factors of 1456785637?
41, 151, 235307
What are the prime factors of 18072221?
1721, 10501
What are the prime factors of 45350414?
2, 101, 461, 487
List the prime factors of 31392568.
2, 3924071
What are the prime factors of 4663879421?
4663879421
What are the prime factors of 16672931?
11, 1515721
List the prime factors of 743472277.
743472277
What are the prime factors of 59915302?
2, 1889, 15859
List the prime factors of 170260658.
2, 85130329
List the prime factors of 67006417.
281, 389, 613
What are the prime factors of 135575066?
2, 11, 661, 9323
List the prime factors of 798658392.
2, 3, 7, 4753919
List the prime factors of 2493436985.
5, 13, 2950813
List the prime factors of 350897089.
350897089
List the prime factors of 2607878204.
2, 15013, 43427
What are the prime factors of 552287911?
7, 78898273
List the prime factors of 95953830.
2, 3, 5, 7, 456923
List the prime factors of 329630256.
2, 3, 257, 2969
List the prime factors of 5019851.
311, 16141
What are the prime factors of 522424589?
19, 29, 948139
List the prime factors of 1558774188.
2, 3, 283, 153001
List the prime factors of 33026354.
2, 16513177
What are the prime factors of 784699501?
4643, 169007
What are the prime factors of 210390856?
2, 13, 2022989
What are the prime factors of 236418302?
2, 3037, 38923
What are the prime factors of 912609435?
3, 5, 60840629
What are the prime factors of 338636088?
2, 3, 7, 19, 35363
What are the prime factors of 49654611?
3, 167, 33037
What are the prime factors of 259693740?
2, 3, 5, 1442743
What are the prime factors of 792150780?
2, 3, 5, 13202513
What are the prime factors of 396475028?
2, 229, 432833
What are the prime factors of 1153228510?
2, 5, 7, 23, 716291
What are the prime factors of 1948225836?
2, 3, 162352153
What are the prime factors of 509435157?
3, 7, 11, 1069, 2063
List the prime factors of 41519782.
2, 20759891
List the prime factors of 1580280130.
2, 5, 11, 13, 503
List the prime factors of 677865936.
2, 3, 11, 23, 55819
What are the prime factors of 42536371?
31, 149, 9209
List the prime factors of 198324203.
7, 11, 234149
What are the prime factors of 723438937?
13, 103, 540283
What are the prime factors of 473154208?
2, 563, 26263
What are the prime factors of 7233698714?
2, 11, 29891317
List the prime factors of 296871921.
3, 53, 149, 4177
What are the prime factors of 523315972?
2, 130828993
List the prime factors of 354837212.
2, 88709303
List the prime factors of 1854001922.
2, 17027, 54443
What are the prime factors of 37859761?
19, 29, 68711
What are the prime factors of 3830754305?
5, 7, 23, 4758701
What are the prime factors of 701416685?
5, 17, 653, 12637
What are the prime factors of 3696406294?
2, 7, 29, 199, 45751
List the prime factors of 2308361125.
5, 7, 109, 24203
What are the prime factors of 17547469?
19, 923551
What are the prime factors of 2781138084?
2, 3, 231761507
List the prime factors of 5265132874.
2, 29, 131, 692963
List the prime factors of 878391040.
2, 5, 139, 4937
What are the prime factors of 123585529?
17, 7269737
What are the prime factors of 20859708?
2, 3, 421, 4129
List the prime factors of 137938742.
2, 68969371
List the prime factors of 5700424499.
7, 11, 37, 71, 28181
What are the prime factors of 69361108?
2, 59, 83, 3541
List the prime factors of 473604459.
3, 157868153
List the prime factors of 73233090.
2, 3, 5, 7, 116243
What are the prime factors of 261839436?
2, 3, 83, 151, 1741
List the prime factors of 1179033011.
13, 17, 19, 83, 199
What are the prime factors of 495531216?
2, 3, 113, 10151
List the prime factors of 35834.
2, 19, 23, 41
What are the prime factors of 108008401?
108008401
What are the prime factors of 4449174648?
2, 3, 23, 8060099
What are the prime factors of 29295573?
3, 17, 574423
List the prime factors of 72978259.
19, 3840961
List the prime factors of 1903051734.
2, 3, 317175289
List the prime factors of 313566212.
2, 29, 853, 3169
List the prime factors of 7127244044.
2, 29, 61441759
List the prime factors of 460466695.
5, 13, 41, 13291
List the prime factors of 27850487.
7, 3978641
What are the prime factors of 1273249179?
3, 47157377
What are the prime factors of 3985061851?
17, 43, 313, 17417
List the prime factors of 4434020056.
2, 227, 2441641
What are the prime factors of 4310671592?
2, 23, 